{"id":7941,"date":"2022-05-13T14:03:21","date_gmt":"2022-05-13T13:03:21","guid":{"rendered":"https:\/\/gruenesundco.com\/?page_id=7941"},"modified":"2022-05-13T14:43:24","modified_gmt":"2022-05-13T13:43:24","slug":"home","status":"publish","type":"page","link":"https:\/\/gruenesundco.com\/?page_id=7941","title":{"rendered":"Home"},"content":{"rendered":"<p>[vc_row full_width=&#8220;stretch_row_content_no_spaces&#8220; el_id=&#8220;home&#8220; nt_row_loop_breakpoint=&#8220;%5B%7B%7D%5D&#8220;][vc_column]<section id=\"hero\" class=\"hero-fullscreen hero-1 parallax\"><div class=\"background-image\"><img decoding=\"async\" src=\"https:\/\/gruenesundco.com\/wp-content\/uploads\/2020\/01\/GruenesUndCo_Sozialgenossenschaftliche_Gaertnerei_Bruneck_Banner.jpg-scaled.jpg\" alt=\"GruenesUndCo_Sozialgenossenschaftliche_Gaertnerei_Bruneck_Banner.jpg-scaled.jpg\"><\/div><div class=\"hero-content\"><div class=\"container text-center white\"><div class=\"m-auto\"><h5 class=\"hero-subheading mb15\" style=\" font-size:12px; color:#ffffff!important;\">HALLO UND HERZLICH WILLKOMMEN!<\/h5><h1 class=\"h1-lg mb10\" style=\" font-size:100px;\">WIE SCH\u00d6N,<\/h1><h5 class=\"lead h5-md mb20\" style=\" font-size:14px;\">dass du da bist, bei uns in Bruneck, in der sozialgenossenschaftlichen G\u00e4rtnerei GR\u00dcNES UND CO.<br \/>\nSchau dich um, st\u00f6bere, tauch ein \u2026 noch viel besser geht dies nat\u00fcrlich direkt bei uns vor Ort!<br \/>\nSchau rein, wir freuen uns!<\/h5><\/div><\/div><\/div><\/section>[\/vc_column][\/vc_row][vc_row full_width=&#8220;stretch_row&#8220; css=&#8220;.vc_custom_1500383379936{padding-top: 115px !important;padding-bottom: 140px !important;background-color: #ffffff !important;}&#8220;][vc_column][vc_column_text]<\/p>\n<h3 style=\"text-align: center;\"><span style=\"color: #b0bf84;\">MEHR ALS EINE G\u00c4RTNEREI<br \/>\n<\/span><\/h3>\n<p style=\"text-align: center;\"><span style=\"color: #426f66;\">Bei uns gibt\u2019s Pflanzen f\u00fcr drinnen und drau\u00dfen, alles f\u00fcr den Garten, sch\u00f6ne Gestecke, Str\u00e4u\u00dfe, Schnittblumen, ja sogar Deko und<\/span><br \/>\n<span style=\"color: #426f66;\">sch\u00f6ne Home-Assessoires und nat\u00fcrlich auch den kompetenten Rat, den guten Tipp, f\u00fcr alles Gr\u00fcne und Sch\u00f6ne!<\/span><\/p>\n<p>[\/vc_column_text][vc_column_text]<\/p>\n<p style=\"text-align: center;\"><strong><span style=\"color: #426f66;\">Aber bei uns gibt es auch noch mehr:<\/span><\/strong><br \/>\n<span style=\"color: #426f66;\">Als sozialgenossenschaftliche G\u00e4rtnerei steht bei uns nicht nur die Pflanze im Mittelpunkt, sondern auch der Mensch!<\/span><br \/>\n<span style=\"color: #426f66;\">Mit Werten wie Nachhaltigkeit, Fairness, Menschlichkeit und Inklusion helfen wir wachsen und so finden bei uns durch gezielte<\/span><br \/>\n<span style=\"color: #426f66;\">Arbeitsintegrationsprojekte auch Menschen, die vor besonderen Herausforderungen stehen, eine sinnstiftende Besch\u00e4ftigung.<\/span><br \/>\n<span style=\"color: #426f66;\">Wir helfen wachsen. Und mit deinem Einkauf bei uns hilfst auch du mit!<\/span><br \/>\n<span style=\"color: #426f66;\">Gemeinsam, f\u00fcr uns alle. Vielen Dank!<\/span><\/p>\n<p>[\/vc_column_text][\/vc_column][\/vc_row][vc_row full_width=&#8220;stretch_row&#8220; css=&#8220;.vc_custom_1579185305334{padding-top: 130px !important;padding-bottom: 130px !important;background-color: #f7faec !important;}&#8220; el_id=&#8220;Angebot&#8220;][vc_column el_id=&#8220;#Angebot&#8220;][vc_custom_heading text=&#8220;WAS WIR SO MACHEN&#8220; font_container=&#8220;tag:h5|font_size:16px|text_align:center|color:%23b0bf84&#8243; use_theme_fonts=&#8220;yes&#8220; el_class=&#8220;subheading&#8220;][vc_custom_heading text=&#8220;Von gr\u00fcn bis bunt und sch\u00f6n&#8220; font_container=&#8220;tag:h2|font_size:40px|text_align:center|color:%23426f66&#8243; use_theme_fonts=&#8220;yes&#8220; css=&#8220;.vc_custom_1579794555958{margin-top: 10px !important;margin-bottom: 40px !important;}&#8220; el_class=&#8220;robby1&#8243;][vc_row_inner 0=&#8220;&#8220; css=&#8220;.vc_custom_1578390692199{background-color: #f7faec !important;}&#8220;][vc_column_inner width=&#8220;1\/3&#8243;]<div class=\"service-container text-center vc_custom_1638009680183\" ><div class=\"service-icon-button\"><\/div><div class=\"service-body text-center\"><div class=\"service-title black\"><h3 style=\" font-size:22px; color:#426f66!important;\">Pflanzen f\u00fcr innen<br \/>\nund au\u00dfen<\/h3><\/div><p style=\" font-size:14px; color:#426f66!important;\">Samen und Pfl\u00e4nzchen f\u00fcr den Garten,<br \/>\nKr\u00e4uter, B\u00e4umchen und Str\u00e4ucher, Blumen, Gr\u00fcnpflanzen, Kakteen<br \/>\nund ein freundliches L\u00e4cheln!<\/p><div class=\"service-button text-center\"><a class=\"btn btn-xs btn-ghost-white\" \n                      href=\"#0\"  style=\" color:#ffffff; background-color:#ffffff; border-color:#ffffff;\">Read more<\/a><\/div><\/div><\/div>[\/vc_column_inner][vc_column_inner width=&#8220;1\/3&#8243;]<div class=\"service-container text-center vc_custom_1634135755647\" ><div class=\"service-icon-button\"><\/div><div class=\"service-body text-center\"><div class=\"service-title black\"><h3 style=\" font-size:22px; color:#426f66!important;\">Home, Interior und<br \/>\nAccessoires<\/h3><\/div><p style=\" font-size:14px; color:#426f66!important;\">Ein sch\u00f6nes Kissen, die h\u00fcbsche Vase,<br \/>\nein kleines Teelicht, ein nettes Regal \u2026<br \/>\nJa, bei uns gibt es immer wieder viel<br \/>\nSch\u00f6nes zu entdecken!<\/p><div class=\"service-button text-center\"><a class=\"btn btn-xs btn-ghost-white\" \n                      href=\"#0\"  style=\" color:#ffffff; background-color:#ffffff; border-color:#ffffff;\">Read more<\/a><\/div><\/div><\/div>[\/vc_column_inner][vc_column_inner width=&#8220;1\/3&#8243;]<div class=\"service-container text-center vc_custom_1634136782963\" ><div class=\"service-icon-button\"><\/div><div class=\"service-body text-center\"><div class=\"service-title black\"><h3 style=\" font-size:22px; color:#426f66!important;\">Schnittblumen Str\u00e4u\u00dfe Gestecke<\/h3><\/div><p style=\" font-size:14px; color:#426f66!important;\">Ein lieber Gedanke, verpackt in einer<br \/>\nsch\u00f6nen Blume, ein kleiner Strau\u00df,<br \/>\nein wertiges Gesteck, ein sch\u00f6nes Teller<br \/>\nmit Kerze und Karte?<\/p><div class=\"service-button text-center\"><a class=\"btn btn-xs btn-ghost-white\" \n                      href=\"#0\"  style=\" color:#ffffff; background-color:#ffffff; border-color:#ffffff;\">Read more<\/a><\/div><\/div><\/div>[\/vc_column_inner][\/vc_row_inner][vc_row_inner 0=&#8220;&#8220;][vc_column_inner][vc_custom_heading text=&#8220;Wir haben nicht nur den gr\u00fcnen Daumen, sondern auch das offene Ohr f\u00fcr deine W\u00fcnsche und Fragen!<br \/>\nKomm vorbei, wir freuen uns!&#8220; font_container=&#8220;tag:p|font_size:20px|text_align:center|color:%23426f66&#8243; google_fonts=&#8220;font_family:Nunito%3A300%2Cregular%2C700|font_style:400%20regular%3A400%3Anormal&#8220; css=&#8220;.vc_custom_1579203205472{margin-top: 30px !important;margin-bottom: 15px !important;}&#8220;][\/vc_column_inner][\/vc_row_inner][\/vc_column][\/vc_row][vc_row full_width=&#8220;stretch_row&#8220; css=&#8220;.vc_custom_1579187938822{padding-top: 130px !important;padding-bottom: 130px !important;background-color: #dfe8ba !important;}&#8220;][vc_column][vc_custom_heading text=&#8220;WIR SIND ABSOLUT DAVON \u00dcBERZEUGT:<br \/>\nGENAUSO SCH\u00d6N, WIE UNSERE PFLANZEN UND ACCESSOIRES, SIND AUCH UNSERE WERTE.&#8220; font_container=&#8220;tag:h4|font_size:16px|text_align:center|color:%23426f66|line_height:18px&#8220; google_fonts=&#8220;font_family:Nunito%3A300%2Cregular%2C700|font_style:700%20bold%20regular%3A700%3Anormal&#8220; el_class=&#8220;subheading&#8220;][vc_row_inner 0=&#8220;&#8220; css=&#8220;.vc_custom_1578390692199{background-color: #f7faec !important;}&#8220;][vc_column_inner width=&#8220;1\/3&#8243; css=&#8220;.vc_custom_1579188001410{background-color: #dfe8ba !important;}&#8220;]<div class=\"feature-container text-center black\"><div class=\"feature-icon\"><i class=\"iconsmind-Dry x6 black\" style=\" color:#426f66 !important;\"><\/i><\/div><div class=\"feature-desc\"><div class=\"feature-title mb10\"><h5 class=\"subheading dark\" style=\" font-size:10px; color:#426f66!important; line-height:20px!important;\">NACHHALTIGKEIT<\/h5><\/div><p style=\" font-size:12px; color:#426f66!important; line-height:18px!important;\">Unser Handeln, unser Tun, ist<br \/>\ngepr\u00e4gt von Nachhaltigkeit. Natur<br \/>\nund Umwelt spielen dabei eine<br \/>\nebenso gro\u00dfe Rolle, wie der Umgang<br \/>\nmit unseren Mitmenschen.<\/p><\/div><\/div>[\/vc_column_inner][vc_column_inner width=&#8220;1\/3&#8243; css=&#8220;.vc_custom_1579188021042{background-color: #dfe8ba !important;}&#8220;]<div class=\"feature-container text-center black\"><div class=\"feature-icon\"><i class=\"iconsmind-Spring x6 black\" style=\" color:#426f66 !important;\"><\/i><\/div><div class=\"feature-desc\"><div class=\"feature-title mb10\"><h5 class=\"subheading dark\" style=\" font-size:10px; color:#426f66!important; line-height:20px!important;\">INKLUSION<\/h5><\/div><p style=\" font-size:12px; color:#426f66!important; line-height:18px!important;\">Wir sehen M\u00f6glichkeiten, Chancen,<br \/>\nEntwicklungen. Im gemeinsamen<br \/>\nMiteinander, im Spirit eines starken<br \/>\nTeams. Jeder Mensch hat Schw\u00e4chen<br \/>\nund jeder Mensch hat St\u00e4rken.<\/p><\/div><\/div>[\/vc_column_inner][vc_column_inner width=&#8220;1\/3&#8243; css=&#8220;.vc_custom_1579188028690{background-color: #dfe8ba !important;}&#8220;]<div class=\"feature-container text-center black\"><div class=\"feature-icon\"><i class=\"iconsmind-Summer x6 black\" style=\" color:#426f66 !important;\"><\/i><\/div><div class=\"feature-desc\"><div class=\"feature-title mb10\"><h5 class=\"subheading dark\" style=\" font-size:10px; color:#426f66!important; line-height:20px!important;\">MITGESTALTUNG<\/h5><\/div><p style=\" font-size:12px; color:#426f66!important; line-height:18px!important;\">Wir finden, dass alles immer noch<br \/>\nviel sch\u00f6ner wird, wenn man<br \/>\ngemeinsam daran arbeitet,<br \/>\nwertsch\u00e4tzend und respektvoll.<br \/>\nAls Genossenschaft eben.<\/p><\/div><\/div>[\/vc_column_inner][\/vc_row_inner][\/vc_column][\/vc_row][vc_row full_width=&#8220;stretch_row&#8220; css=&#8220;.vc_custom_1499243681142{padding-top: 100px !important;padding-bottom: 100px !important;background-color: #ffffff !important;}&#8220;][vc_column 0=&#8220;&#8220;][vc_custom_heading text=&#8220;GENAUSO BUNT WIE UNSERE G\u00c4RTNEREI, IST AUCH UNSER&#8220; font_container=&#8220;tag:div|font_size:16px|text_align:center|color:%23b0bf84&#8243; use_theme_fonts=&#8220;yes&#8220; el_class=&#8220;robby2&#8243; css=&#8220;.vc_custom_1579796053054{padding-top: 0px !important;padding-right: 0px !important;padding-bottom: 0px !important;padding-left: 0px !important;}&#8220;][vc_custom_heading text=&#8220;Team&#8220; font_container=&#8220;tag:div|font_size:40px|text_align:center|color:%23426f66&#8243; use_theme_fonts=&#8220;yes&#8220; el_class=&#8220;robby2&#8243; css=&#8220;.vc_custom_1579796323079{padding: 15px !important;}&#8220;]<div class=\"heading black text-center \"><h1 class=\"subheading\" style=\" font-size:14px; color:#426f66!important; line-height:22px!important;\">G\u00e4rtnerInnen, FloristInnen, Lehrlinge, MitarbeiterInnen in verschiedenen Arbeitsbereichen und zum Teil in Arbeitsintegrationsprojekten sind in unserer G\u00e4rtnerei t\u00e4tig \u2013 mit offenen Augen f\u00fcr alles Sch\u00f6ne, mit offenen Ohren f\u00fcr deine W\u00fcnsche.<\/h1><\/div>[vc_single_image image=&#8220;2829&#8243; img_size=&#8220;large&#8220; add_caption=&#8220;yes&#8220; alignment=&#8220;center&#8220;][\/vc_column][\/vc_row][vc_row full_width=&#8220;stretch_row&#8220; css=&#8220;.vc_custom_1578390810496{padding-top: 120px !important;padding-bottom: 120px !important;background-color: #426f66 !important;}&#8220;][vc_column width=&#8220;1\/4&#8243;]<div class=\"fact-container black text-center\"><div class=\"fact\"><h2 class=\"counter\" style=\" font-size:50px; color:#ffffff!important;\">18<\/h2><h4 style=\" color:#ffffff!important;\">GARTENSCH\u00dcRZEN<\/h4><\/div><\/div>[vc_custom_heading text=&#8220;h\u00e4ngen nach Feierabend an ihren<br \/>\nHaken und freuen sich schon auf<br \/>\neinen neuen, bunten Tag&#8220; font_container=&#8220;tag:p|font_size:14|text_align:center|color:%23ffffff&#8220; use_theme_fonts=&#8220;yes&#8220;][\/vc_column][vc_column width=&#8220;1\/4&#8243;]<div class=\"fact-container black text-center\"><div class=\"fact\"><h2 class=\"counter\" style=\" font-size:50px; color:#ffffff!important;\">4.852<\/h2><h4 style=\" color:#ffffff!important;\">VERSCHIEDENE PFLANZEN<\/h4><\/div><\/div>[vc_custom_heading text=&#8220;wachsen, sprie\u00dfen und bl\u00fchen bei<br \/>\nuns zwischen Ausstellung<br \/>\nund Gew\u00e4chshaus, zwischen innen<br \/>\nund au\u00dfen&#8220; font_container=&#8220;tag:p|font_size:14|text_align:center|color:%23ffffff&#8220; use_theme_fonts=&#8220;yes&#8220;][\/vc_column][vc_column width=&#8220;1\/4&#8243;]<div class=\"fact-container black text-center\"><div class=\"fact\"><h2 class=\"counter\" style=\" font-size:50px; color:#ffffff!important;\">20<\/h2><h4 style=\" color:#ffffff!important;\">BUNTE KANARIENV\u00d6GEL<\/h4><\/div><\/div>[vc_custom_heading text=&#8220;und 2 Zebrafinken sorgen f\u00fcr<br \/>\ndie Urlaubs-Akustik zwischen<br \/>\nunseren exotischen Pflanzen und<br \/>\nGew\u00e4chsen&#8220; font_container=&#8220;tag:p|font_size:14|text_align:center|color:%23ffffff&#8220; use_theme_fonts=&#8220;yes&#8220;][\/vc_column][vc_column width=&#8220;1\/4&#8243;]<div class=\"fact-container black text-center\"><div class=\"fact\"><h2 class=\"counter\" style=\" font-size:50px; color:#ffffff!important;\">1.000<\/h2><h4 style=\" color:#ffffff!important;\">DANK<\/h4><\/div><\/div>[vc_custom_heading text=&#8220;an unsere Sponsoren und<br \/>\nUnterst\u00fctzer. Ohne sie w\u00e4r dies<br \/>\nalles nicht m\u00f6glich gewesen&#8220; font_container=&#8220;tag:p|font_size:14|text_align:center|color:%23ffffff&#8220; use_theme_fonts=&#8220;yes&#8220;][\/vc_column][\/vc_row][vc_row full_width=&#8220;stretch_row&#8220; css=&#8220;.vc_custom_1578390906167{padding-top: 110px !important;padding-bottom: 110px !important;background-color: #f7faec !important;}&#8220;][vc_column][vc_custom_heading text=&#8220;JA WIR SIND SOZIAL. AUCH IN DEN MEDIEN!&#8220; font_container=&#8220;tag:div|font_size:16|text_align:center|color:%23b0bf84&#8243; use_theme_fonts=&#8220;yes&#8220; el_class=&#8220;robby2&#8243;][vc_custom_heading text=&#8220;Folge uns, wir zwitschern gerne!&#8220; font_container=&#8220;tag:div|font_size:40|text_align:center|color:%23426f66&#8243; use_theme_fonts=&#8220;yes&#8220; el_class=&#8220;robby2&#8243; css=&#8220;.vc_custom_1579796569981{padding: 15px !important;}&#8220;][vc_row_inner css=&#8220;.vc_custom_1578390843141{background-color: #f7faec !important;}&#8220;][vc_column_inner width=&#8220;1\/4&#8243;][\/vc_column_inner][vc_column_inner width=&#8220;1\/4&#8243;][vc_icon icon_fontawesome=&#8220;fa fa-facebook&#8220; color=&#8220;custom&#8220; size=&#8220;xl&#8220; align=&#8220;center&#8220; custom_color=&#8220;#426f66&#8243; css=&#8220;.vc_custom_1578473469658{margin-bottom: 15px !important;}&#8220; link=&#8220;url:https%3A%2F%2Fwww.facebook.com%2FGruenesundCo%2F||target:%20_blank|&#8220;][vc_custom_heading text=&#8220;FACEBOOK&#8220; font_container=&#8220;tag:h6|font_size:10px|text_align:center|color:%23b0bf84&#8243; use_theme_fonts=&#8220;yes&#8220; el_class=&#8220;subheading&#8220;][\/vc_column_inner][vc_column_inner width=&#8220;1\/4&#8243;][vc_icon icon_fontawesome=&#8220;fa fa-instagram&#8220; color=&#8220;custom&#8220; size=&#8220;xl&#8220; align=&#8220;center&#8220; custom_color=&#8220;#426f66&#8243; css=&#8220;.vc_custom_1578473542129{margin-bottom: 15px !important;}&#8220; link=&#8220;url:https%3A%2F%2Fwww.instagram.com%2Fgruenesundco%2F%3Fhl%3Dde||target:%20_blank|&#8220;][vc_custom_heading text=&#8220;INSTAGRAM&#8220; font_container=&#8220;tag:h6|font_size:10px|text_align:center|color:%23b0bf84&#8243; use_theme_fonts=&#8220;yes&#8220; el_class=&#8220;subheading&#8220;][\/vc_column_inner][vc_column_inner width=&#8220;1\/4&#8243;][\/vc_column_inner][\/vc_row_inner][\/vc_column][\/vc_row][vc_row full_width=&#8220;stretch_row&#8220; css=&#8220;.vc_custom_1499251382817{padding-top: 130px !important;padding-bottom: 130px !important;background-color: #ffffff !important;}&#8220;][vc_column 0=&#8220;&#8220;][vc_row_inner el_class=&#8220;black&#8220;][vc_column_inner width=&#8220;1\/3&#8243;][vc_custom_heading text=&#8220;Komm vorbei!&#8220; font_container=&#8220;tag:h2|font_size:40px|text_align:left|color:%23426f66&#8243; use_theme_fonts=&#8220;yes&#8220; el_class=&#8220;h2-md mb30&#8243;]<ul class=\"ul-v contact-1 contact_info_2\"><li><div class=\"contact-info-icon\">\t<i class=\"iconsmind-Map-Marker2 x4\" style=\" font-size:20px !important; color:#426f66 !important;\"><\/i><\/div><div class=\"contact-info-body\"><h5 class=\"subheading mb5\" style=\" font-size:12px; color:#426f66!important; line-height:15px!important;\">GR\u00dcNES UND CO:<\/h5><div style=\" font-size:12px; color:#426f66!important; line-height:15px!important;\">St.-Lorenznerstra\u00dfe 39 - 39031 Bruneck<\/div><\/div><\/li><li><div class=\"contact-info-icon\">\t<i class=\"iconsmind-Mail x4\" style=\" font-size:20px !important; color:#426f66 !important;\"><\/i><\/div><div class=\"contact-info-body\"><h5 class=\"subheading mb5\" style=\" font-size:12px; color:#426f66!important; line-height:15px!important;\">SCHREIB UNS:<\/h5><div style=\" font-size:12px; color:#426f66!important; line-height:15px!important;\">info@GruenesUndCo.com<\/div><\/div><\/li><li><div class=\"contact-info-icon\">\t<i class=\"iconsmind-Phone x4\" style=\" font-size:20px !important; color:#426f66 !important;\"><\/i><\/div><div class=\"contact-info-body\"><h5 class=\"subheading mb5\" style=\" font-size:12px; color:#426f66!important; line-height:15px!important;\">ODER RUF UNS AN:<\/h5><div style=\" font-size:12px; color:#426f66!important; line-height:15px!important;\">T +39 0474 431 300 <\/div><\/div><\/li><li><div class=\"contact-info-icon\">\t<i class=\"iconsmind-Key x4\" style=\" font-size:20px !important; color:#426f66 !important;\"><\/i><\/div><div class=\"contact-info-body\"><h5 class=\"subheading mb5\" style=\" font-size:12px; color:#426f66!important; line-height:15px!important;\">\u00d6ffnungszeiten:<\/h5><div style=\" font-size:12px; color:#426f66!important; line-height:15px!important;\"><p>Montag \u00a008:30\u201312:30 und 14:00-18:00<br \/>   Dienstag 08:30\u201312:30 und 14:00-18:00<br \/>   Mittwoch 08:30\u201312:30 und 14:00-18:00<br \/>   Donnerstag 08:30\u201312:30 und 14:00-18:00<br \/>   Freitag 08:30\u201312:30 und 14:00-18:00<br \/>   Samstag 08:30\u201312:30<br \/>   Sonntag Geschlossen<\/p><\/div><\/div><\/li><\/ul>[\/vc_column_inner][vc_column_inner width=&#8220;2\/3&#8243;]\n<div class=\"wpcf7 no-js\" id=\"wpcf7-f1179-o1\" lang=\"en\" dir=\"ltr\" data-wpcf7-id=\"1179\">\n<div class=\"screen-reader-response\"><p role=\"status\" aria-live=\"polite\" aria-atomic=\"true\"><\/p> <ul><\/ul><\/div>\n<form action=\"\/index.php?rest_route=%2Fwp%2Fv2%2Fpages%2F7941#wpcf7-f1179-o1\" method=\"post\" class=\"wpcf7-form init\" aria-label=\"Kontaktformular\" novalidate=\"novalidate\" data-status=\"init\">\n<div style=\"display: none;\">\n<input type=\"hidden\" name=\"_wpcf7\" value=\"1179\" \/>\n<input type=\"hidden\" name=\"_wpcf7_version\" value=\"6.0.5\" \/>\n<input type=\"hidden\" name=\"_wpcf7_locale\" value=\"en\" \/>\n<input type=\"hidden\" name=\"_wpcf7_unit_tag\" value=\"wpcf7-f1179-o1\" \/>\n<input type=\"hidden\" name=\"_wpcf7_container_post\" value=\"0\" \/>\n<input type=\"hidden\" name=\"_wpcf7_posted_data_hash\" value=\"\" \/>\n<input type=\"hidden\" name=\"_wpcf7_recaptcha_response\" value=\"\" \/>\n<\/div>\n<div id=\"contact\" class=\"ucf form-horizontal-2\">\n\t<fieldset>\n\t\t<div class=\"form-group-2\">\n\t\t\t<p><span class=\"wpcf7-form-control-wrap\" data-name=\"text-729\"><input size=\"40\" maxlength=\"400\" class=\"wpcf7-form-control wpcf7-text wpcf7-validates-as-required form-control-2\" aria-required=\"true\" aria-invalid=\"false\" placeholder=\"Name\" value=\"\" type=\"text\" name=\"text-729\" \/><\/span>\n\t\t\t<\/p>\n\t\t<\/div>\n\t\t<div class=\"form-group-2\">\n\t\t\t<p><span class=\"wpcf7-form-control-wrap\" data-name=\"email-503\"><input size=\"40\" maxlength=\"400\" class=\"wpcf7-form-control wpcf7-email wpcf7-validates-as-required wpcf7-text wpcf7-validates-as-email form-control-2\" aria-required=\"true\" aria-invalid=\"false\" placeholder=\"E-Mail\" value=\"\" type=\"email\" name=\"email-503\" \/><\/span>\n\t\t\t<\/p>\n\t\t<\/div>\n\t\t<div class=\"form-group-2\">\n\t\t\t<p><span class=\"wpcf7-form-control-wrap\" data-name=\"text-730\"><input size=\"40\" maxlength=\"400\" class=\"wpcf7-form-control wpcf7-text wpcf7-validates-as-required form-control-2\" aria-required=\"true\" aria-invalid=\"false\" placeholder=\"Thema\" value=\"\" type=\"text\" name=\"text-730\" \/><\/span>\n\t\t\t<\/p>\n\t\t<\/div>\n\t\t<div class=\"form-group-2\">\n\t\t\t<p><span class=\"wpcf7-form-control-wrap\" data-name=\"textarea-633\"><textarea cols=\"40\" rows=\"10\" maxlength=\"2000\" class=\"wpcf7-form-control wpcf7-textarea wpcf7-validates-as-required form-control-2 form-message\" aria-required=\"true\" aria-invalid=\"false\" placeholder=\"Deine Nachricht:\" name=\"textarea-633\"><\/textarea><\/span>\n\t\t\t<\/p>\n\t\t<\/div>\n\t\t<div class=\"message\">\n\t\t<\/div>\n\t\t<div class=\"form-group-2\">\n\t\t\t<p><input class=\"wpcf7-form-control wpcf7-submit has-spinner btn btn-ghost-black alt ml0\" type=\"submit\" value=\"Nachricht senden!\" \/>\n\t\t\t<\/p>\n\t\t<\/div>\n\t<\/fieldset>\n<\/div><div class=\"wpcf7-response-output\" aria-hidden=\"true\"><\/div>\n<\/form>\n<\/div>\n[\/vc_column_inner][\/vc_row_inner][\/vc_column][\/vc_row][vc_row full_width=&#8220;stretch_row_content_no_spaces&#8220;][vc_column 0=&#8220;&#8220;][vc_gmaps 0=&#8220;&#8220; link=&#8220;#E-8_JTNDaWZyYW1lJTIwc3JjJTNEJTIyaHR0cHMlM0ElMkYlMkZ3d3cuZ29vZ2xlLmNvbSUyRm1hcHMlMkZlbWJlZCUzRnBiJTNEJTIxMW0xOCUyMTFtMTIlMjExbTMlMjExZDI3MzEuNjk3ODI0ODg2NzU3JTIxMmQxMS45MjQ4MTk5MTYwMjE0NyUyMTNkNDYuNzkwNTU4MzUxOTgyNjMlMjEybTMlMjExZjAlMjEyZjAlMjEzZjAlMjEzbTIlMjExaTEwMjQlMjEyaTc2OCUyMTRmMTMuMSUyMTNtMyUyMTFtMiUyMTFzMHg0Nzc4MjFiZDY2YjI5MjUzJTI1M0EweDYxODkwNzJjODgxZWIwNSUyMTJzU296aWFsZ2Vub3NzZW5zY2hhZnQlMjUyMEdyJTI1QzMlMjVCQ25lcyUyNTIwdW5kJTI1MjBDbyUyMTVlMCUyMTNtMiUyMTFzZGUlMjEyc2l0JTIxNHYxNTc5ODUwNjcyOTI3JTIxNW0yJTIxMXNkZSUyMTJzaXQlMjIlMjB3aWR0aCUzRCUyMjYwMCUyMiUyMGhlaWdodCUzRCUyMjQ1MCUyMiUyMGZyYW1lYm9yZGVyJTNEJTIyMCUyMiUyMHN0eWxlJTNEJTIyYm9yZGVyJTNBMCUzQiUyMiUyMGFsbG93ZnVsbHNjcmVlbiUzRCUyMiUyMiUzRSUzQyUyRmlmcmFtZSUzRQ==&#8220;][\/vc_column][\/vc_row]<\/p>\n","protected":false},"excerpt":{"rendered":"<p>[:it][:]<\/p>\n","protected":false},"author":2,"featured_media":0,"parent":0,"menu_order":0,"comment_status":"closed","ping_status":"closed","template":"custom-page.php","meta":{"footnotes":""},"class_list":["post-7941","page","type-page","status-publish","hentry"],"_links":{"self":[{"href":"https:\/\/gruenesundco.com\/index.php?rest_route=\/wp\/v2\/pages\/7941","targetHints":{"allow":["GET"]}}],"collection":[{"href":"https:\/\/gruenesundco.com\/index.php?rest_route=\/wp\/v2\/pages"}],"about":[{"href":"https:\/\/gruenesundco.com\/index.php?rest_route=\/wp\/v2\/types\/page"}],"author":[{"embeddable":true,"href":"https:\/\/gruenesundco.com\/index.php?rest_route=\/wp\/v2\/users\/2"}],"replies":[{"embeddable":true,"href":"https:\/\/gruenesundco.com\/index.php?rest_route=%2Fwp%2Fv2%2Fcomments&post=7941"}],"version-history":[{"count":4,"href":"https:\/\/gruenesundco.com\/index.php?rest_route=\/wp\/v2\/pages\/7941\/revisions"}],"predecessor-version":[{"id":7943,"href":"https:\/\/gruenesundco.com\/index.php?rest_route=\/wp\/v2\/pages\/7941\/revisions\/7943"}],"wp:attachment":[{"href":"https:\/\/gruenesundco.com\/index.php?rest_route=%2Fwp%2Fv2%2Fmedia&parent=7941"}],"curies":[{"name":"wp","href":"https:\/\/api.w.org\/{rel}","templated":true}]}}